{"id":49,"date":"2022-11-06T16:39:40","date_gmt":"2022-11-06T16:39:40","guid":{"rendered":"http:\/\/paniporzadku.pl\/?page_id=49"},"modified":"2022-11-14T17:42:40","modified_gmt":"2022-11-14T17:42:40","slug":"uslugi","status":"publish","type":"page","link":"https:\/\/paniporzadku.pl\/index.php\/uslugi\/","title":{"rendered":"US\u0141UGI"},"content":{"rendered":"\n<p><strong>Dobrze zorganizowane i uporz\u0105dkowane wn\u0119trze to spos\u00f3b na znalezienie wewn\u0119trznego spokoju. Pomagam moim Klientom osi\u0105gn\u0105\u0107 ten stan poprzez wsparcie w procesie declutteringu i profesjonalnej organizacji przestrzeni.\u00a0<\/strong><\/p>\n\n\n\n<p>Dom uporz\u0105dkowany, dom daj\u0105cy poczucie ciep\u0142a i bezpiecze\u0144stwa. Szafa czy garderoba, przed kt\u00f3r\u0105 nie ma dylemat\u00f3w, w co si\u0119 ubra\u0107 i pyta\u0144, gdzie to w\u0142a\u015bciwie jest. P\u00f3\u0142ki i szuflady, po kt\u00f3rych otwarciu od razu wida\u0107 co si\u0119 w nich znajduje. Chcesz, aby Tw\u00f3j dom by\u0142 opisany tymi zdaniami, a nie ma wystarczaj\u0105co du\u017co czasu\/ pomys\u0142\u00f3w\/ motywacji * (niepotrzebne skre\u015bli\u0107), aby to osi\u0105gn\u0105\u0107? Zapraszam do skorzystania z mojego wsparcia!<\/p>\n\n\n\n<p><strong>DECLUTTERING<\/strong><\/p>\n\n\n\n<p>Decluttering, czyli odgracanie, pozbywanie si\u0119 nadmiaru niepotrzebnych rzeczy. Wsp\u00f3\u0142prac\u0119 rozpoczynamy od konsultacji, gdzie poznaje Twoje oczekiwania, motywacje i cele, a tak\u017ce wn\u0119trze, kt\u00f3re chcesz uporz\u0105dkowa\u0107. Po spotkaniu otrzymujesz raport z konsultacji i decydujesz, czy odgracisz przestrze\u0144 samodzielnie, czy z moj\u0105 pomoc\u0105. Raport z konsultacji zawiera r\u00f3wnie\u017c indywidualn\u0105 wycen\u0119 kolejnych sesji declutteringu, gdzie wsp\u00f3lnie pracujemy nad wybran\u0105 przestrzeni\u0105 i pozbywamy si\u0119 z niej niepotrzebnych rzeczy.\u00a0<\/p>\n\n\n\n<p><strong>UPORZ\u0104DKOWANA SZAFA\u00a0<\/strong><\/p>\n\n\n\n<p>Porz\u0105dkowa\u0107 i organizowa\u0107 mo\u017cemy dowoln\u0105 przestrze\u0144, lecz uporz\u0105dkowana szafa czy garderoba pozwala na pozbycie si\u0119 wielu dylemat\u00f3w i to ka\u017cdego poranka. W tej us\u0142udze \u0142\u0105czymy najlepsze cechy declutteringu i organizacji przestrzeni. W trakcie tej us\u0142ugi najpierw poznaje Twoj\u0105 szaf\u0119 i Twoje potrzeby, dokonujemy wyboru rozwi\u0105za\u0144 organizacyjnych, a nast\u0119pnie po ich dostarczeniu wsp\u00f3lnie dokonujemy organizacji Twojej szafy czy garderoby.\u00a0<\/p>\n\n\n\n<p><strong>UPORZ\u0104DKOWANE DOKUMENTY\u00a0<\/strong><\/p>\n\n\n\n<p>Porz\u0105dek w dokumentach pozwala unikn\u0105\u0107 wielu nieporozumie\u0144. Wiele lat pracy w bankowo\u015bci nauczy\u0142y mnie, \u017ce \u201eporz\u0105dek w papierach\u201d jest bardzo wa\u017cny. Uporz\u0105dkowane dokumenty przez wiele lat by\u0142y moj\u0105 zawodow\u0105 wizyt\u00f3wk\u0105, a dzi\u015b pomog\u0119 Ci, aby ten stan zago\u015bci\u0142 r\u00f3wnie\u017c w Twoim domu. Porz\u0105dkuje i organizuje dokumenty zwi\u0105zane ze sfer\u0105 prywatn\u0105 i zawodow\u0105.\u00a0<\/p>\n\n\n\n<p><strong>ORGANIZACJA PRZESTRZENI\u00a0<\/strong><\/p>\n\n\n\n<p>Dzi\u0119ki tej us\u0142udze uzyskasz wn\u0119trze dobrze zorganizowane tak, aby ka\u017cda rzecz mia\u0142a swoje miejsce. Wybrane obszary Twojego domu b\u0119d\u0105 teraz nie tylko funkcjonalne i praktyczne, ale tak\u017ce wzbogacone o estetyczne rozwi\u0105zania.\u00a0<\/p>\n\n\n\n<p>Us\u0142uga rozpoczyna si\u0119 od spotkania konsultacyjnego, na kt\u00f3rym ustalamy, co i w jaki spos\u00f3b ma zosta\u0107 zorganizowane. Po spotkaniu przygotowuje raport z proponowanymi rozwi\u0105zaniami. Raport zawiera r\u00f3wnie\u017c indywidualn\u0105 wycen\u0119 kolejnej sesji organizacyjnej, gdzie wsp\u00f3lnie mo\u017cemy dokona\u0107 organizacji przy zastosowaniu wybranych przez Ciebie rozwi\u0105za\u0144.\u00a0<\/p>\n\n\n\n<p><strong>PROJEKTOWANIE PRZESTRZENI\u00a0<\/strong><\/p>\n\n\n\n<p>Je\u015bli marzysz o dobrze zorganizowanym wn\u0119trzu bazuj\u0105cym na znanych i popularnych systemach dostarczanych przez IKEA pomog\u0119 Ci w ich zaprojektowaniu. Na bazie rozwi\u0105za\u0144 IKEA projektuje: szafy, garderoby, pomieszczenia gospodarcze i spi\u017carnie. Opr\u00f3cz rozwi\u0105za\u0144 zwi\u0105zanych z umeblowaniem tych wn\u0119trz proponuje tak\u017ce rozwi\u0105zania przechowywania rzeczy znajduj\u0105cych si\u0119 w tych pomieszczeniach.\u00a0<\/p>\n\n\n\n<p><strong>PRZEPROWADZKI\u00a0<\/strong><\/p>\n\n\n\n<p>Us\u0142uga przeprowadzki obejmuje pomoc w spakowaniu rzeczy w starym wn\u0119trzu oraz rozpakowanie mienia wraz z organizacj\u0105 przestrzeni w nowym domu. Us\u0142uga przeprowadzki obejmuje r\u00f3wnie\u017c sesj\u0119 declutteringu, czyli pozbywania si\u0119 nadmiaru rzeczy.\u00a0<\/p>\n","protected":false},"excerpt":{"rendered":"<p>Dobrze zorganizowane i uporz\u0105dkowane wn\u0119trze to spos\u00f3b na znalezienie wewn\u0119trznego spokoju. Pomagam moim Klientom osi\u0105gn\u0105\u0107 ten stan poprzez wsparcie w procesie declutteringu i profesjonalnej organizacji przestrzeni.\u00a0 Dom uporz\u0105dkowany, dom daj\u0105cy poczucie ciep\u0142a i bezpiecze\u0144stwa. Szafa czy garderoba, przed kt\u00f3r\u0105 nie ma dylemat\u00f3w, w co si\u0119 ubra\u0107 i pyta\u0144, gdzie to w\u0142a\u015bciwie jest. P\u00f3\u0142ki i szuflady, [&hellip;]<\/p>\n","protected":false},"author":1,"featured_media":0,"parent":0,"menu_order":0,"comment_status":"closed","ping_status":"closed","template":"","meta":{"footnotes":""},"class_list":["post-49","page","type-page","status-publish","hentry"],"_links":{"self":[{"href":"https:\/\/paniporzadku.pl\/index.php\/wp-json\/wp\/v2\/pages\/49","targetHints":{"allow":["GET"]}}],"collection":[{"href":"https:\/\/paniporzadku.pl\/index.php\/wp-json\/wp\/v2\/pages"}],"about":[{"href":"https:\/\/paniporzadku.pl\/index.php\/wp-json\/wp\/v2\/types\/page"}],"author":[{"embeddable":true,"href":"https:\/\/paniporzadku.pl\/index.php\/wp-json\/wp\/v2\/users\/1"}],"replies":[{"embeddable":true,"href":"https:\/\/paniporzadku.pl\/index.php\/wp-json\/wp\/v2\/comments?post=49"}],"version-history":[{"count":2,"href":"https:\/\/paniporzadku.pl\/index.php\/wp-json\/wp\/v2\/pages\/49\/revisions"}],"predecessor-version":[{"id":65,"href":"https:\/\/paniporzadku.pl\/index.php\/wp-json\/wp\/v2\/pages\/49\/revisions\/65"}],"wp:attachment":[{"href":"https:\/\/paniporzadku.pl\/index.php\/wp-json\/wp\/v2\/media?parent=49"}],"curies":[{"name":"wp","href":"https:\/\/api.w.org\/{rel}","templated":true}]}}